 6954964?
6
What is the hundreds digit of 31303?
3
What is the tens digit of 460751?
5
What is the tens digit of 5227314?
1
What is the ten thousands digit of 456328?
5
What is the hundreds digit of 831251?
2
What is the ten thousands digit of 441021?
4
What is the units digit of 117965?
5
What is the hundreds digit of 185403?
4
What is the ten thousands digit of 187734?
8
What is the tens digit of 630638?
3
What is the ten thousands digit of 1364143?
6
What is the thousands digit of 780286?
0
What is the thousands digit of 753181?
3
What is the millions digit of 7498783?
7
What is the hundreds digit of 2614381?
3
What is the millions digit of 4698093?
4
What is the hundreds digit of 237833?
8
What is the millions digit of 15580922?
5
What is the thousands digit of 1090038?
0
What is the hundreds digit of 20363?
3
What is the units digit of 383211?
1
What is the units digit of 388616?
6
What is the thousands digit of 9527147?
7
What is the millions digit of 3430683?
3
What is the tens digit of 1182082?
8
What is the hundreds digit of 836334?
3
What is the ten thousands digit of 4590912?
9
What is the thousands digit of 26550951?
0
What is the ten thousands digit of 424232?
2
What is the hundreds digit of 260268?
2
What is the hundred thousands digit of 12776534?
7
What is the hundred thousands digit of 21652880?
6
What is the hundreds digit of 4126914?
9
What is the ten thousands digit of 163783?
6
What is the hundreds digit of 10313792?
7
What is the ten thousands digit of 1627874?
2
What is the millions digit of 1410841?
1
What is the units digit of 487558?
8
What is the units digit of 563737?
7
What is the ten thousands digit of 15352300?
5
What is the tens digit of 10352536?
3
What is the thousands digit of 4046187?
6
What is the thousands digit of 95042?
5
What is the hundreds digit of 3287640?
6
What is the ten thousands digit of 1008053?
0
What is the units digit of 14008586?
6
What is the units digit of 1770610?
0
What is the units digit of 120271?
1
What is the thousands digit of 31798?
1
What is the ten thousands digit of 2204299?
0
What is the ten thousands digit of 674246?
7
What is the units digit of 15903055?
5
What is the units digit of 251499?
9
What is the hundreds digit of 50304?
3
What is the hundreds digit of 1559735?
7
What is the ten thousands digit of 75346?
7
What is the ten thousands digit of 2858634?
5
What is the units digit of 39128?
8
What is the hundreds digit of 185433?
4
What is the hundreds digit of 382163?
1
What is the hundred thousands digit of 1113968?
1
What is the hundreds digit of 579068?
0
What is the tens digit of 3184104?
0
What is the hundreds digit of 294287?
2
What is the units digit of 837048?
8
What is the tens digit of 2920586?
8
What is the millions digit of 1284036?
1
What is the thousands digit of 1554685?
4
What is the hundred thousands digit of 2491280?
4
What is the thousands digit of 25548733?
8
What is the tens digit of 6622954?
5
What is the millions digit of 39458785?
9
What is the tens digit of 85272?
7
What is the thousands digit of 5265612?
5
What is the thousands digit of 499554?
9
What is the ten thousands digit of 69254?
6
What is the units digit of 77621?
1
What is the millions digit of 1729647?
1
What is the thousands digit of 1153003?
3
What is the hundreds digit of 4064360?
3
What is the units digit of 58740?
0
What is the ten thousands digit of 25367893?
6
What is the thousands digit of 1149649?
9
What is the thousands digit of 167258?
7
What is the thousands digit of 30937382?
7
What is the units digit of 1353295?
5
What is the units digit of 767135?
5
What is the millions digit of 2174237?
2
What is the units digit of 2454401?
1
What is the hundred thousands digit of 121103?
1
What is the tens digit of 31680?
8
What is the tens digit of 6479499?
9
What is the hundred thousands digit of 2638045?
6
What is the hundred thousands digit of 194986?
1
What is the ten thousands digit of 96471?
9
What is the thousands digit of 5373922?
3
What is the hundreds digit of 142683?
6
What is the tens digit of 245641?
4
What is the hundred thousands digit of 1015238?
0
What is the ten thousands digit of 5979404?
7
What is the tens digit of 6300438?
3
What is the tens digit of 761306?
0
What is the hundred thousands digit of 1440179?
4
What is the tens digit of 3302969?
6
What is the millions digit of 4665460?
4
What is the hundreds digit of 1060361?
3
What is the hundred thousands digit of 8807700?
8
What is the millions digit of 2148170?
2
What is the hundred thousands digit of 4135459?
1
What is the millions digit of 1305023?
1
What is the ten thousands digit of 5489389?
8
What is the tens digit of 176999?
9
What is the thousands digit of 792453?
2
What is the millions digit of 2283394?
2
What is the millions digit of 20222123?
0
What is the units digit of 350756?
6
What is the thousands digit of 1211025?
1
What is the thousands digit of 103919?
3
What is the units digit of 590556?
6
What is the units digit of 994336?
6
What is the hundred thousands digit of 12893431?
8
What is the hundred thousands digit of 6526872?
5
What is the tens digit of 296413?
1
What is the thousands digit of 5500753?
0
What is the units digit of 2360570?
0
What is the units digit of 226458?
8
What is the ten thousands digit of 249840?
4
What is the ten millions digit of 11413959?
1
What is the hundreds digit of 28799?
7
What is the tens digit of 1110799?
9
What is the ten thousands digit of 675694?
7
What is the millions digit of 1706608?
1
What is the thousands digit of 75382?
5
What is the thousands digit of 355690?
5
What is the thousands digit of 7051703?
1
What is the hundred thousands digit of 569226?
5
What is the tens digit of 1217897?
9
What is the hundreds digit of 106280?
2
What is the hundreds digit of 4458082?
0
What is the ten thousands digit of 498568?
9
What is the thousands digit of 16507709?
7
What is the units digit of 2480456?
6
What is the hundreds digit of 352494?
4
What is the ten millions digit of 12049167?
1
What is the ten thousands digit of 1174557?
7
What is the tens digit of 1349339?
3
What is the hundred thousands digit of 283783?
2
What is the thousands digit of 248172?
8
What is the ten thousands digit of 928280?
2
What is the units digit of 8155272?
2
What is the tens digit of 34866?
6
What is the tens digit of 236861?
6
What is the units digit of 204872?
2
What is the units digit of 3612818?
8
What is the thousands digit of 343034?
3
What is the hundreds digit of 9513222?
2
What is the hundreds digit of 159642?
6
What is the units digit of 1190149?
9
What is the units digit of 2878849?
9
What is the millions digit of 1192976?
1
What is the ten thousands digit of 123042?
2
What is the thousands digit of 607625?
7
What is the millions digit of 20308738?
0
What is the ten thousands digit of 23225054?
2
What is the tens digit of 2657680?
8
What is the hundreds digit of 28299?
2
What is the hundreds digit of 974111?
1
What is the thousands digit of 4766601?
6
What is the ten thousands digit of 6132812?
3
What is the thousands digit of 276733?
6
What is the ten thousands digit of 771133?
7
What is the tens digit of 225583?
8
What is the hundreds digit of 815423?
4
What is the hundreds digit of 9583311?
3
What is the ten thousands digit of 30598615?
9
What is the hundreds digit of 26533422?
4
What is the tens digit of 1636803?
0
What is the thousands digit of 1247457?
7
What is the tens digit of 183214?
1
What is the hundred thousands digit of 365719?
3
What is the thousands digit of 777469?
7
What is the tens digit of 264690?
9
What is the units digit of 1322256?
6
What is the tens digit of 137102?
0
What is the thousands digit of 121031?
1
What is the thousands digit of 173688?
3
What is the tens digit of 363308?
0
What is the hundreds digit of 2919739?
7
What is the units digit of 1209198?
8
What is the thousands digit of 4189087?
9
What is the units digit of 14438258?
8
What is the units digit of 4403744?
4
What is the hundred thousands digit of 488711?
4
What is the units digit of 68175?
5
What is the ten thousands digit of 2957312?
5
What is the ten thousands digit of 478398?
7
What is the thousands digit of 1972983?
2
What is the hundred thousands digit of 5744930?
7
What 